{"id":163,"date":"2018-12-20T17:55:01","date_gmt":"2018-12-20T16:55:01","guid":{"rendered":"https:\/\/www.devz2.com\/bafa-bafd\/?page_id=163"},"modified":"2019-03-27T08:00:51","modified_gmt":"2019-03-27T07:00:51","slug":"apres-le-bafd","status":"publish","type":"page","link":"https:\/\/www.bafa-bafd.org\/bafa-bafd\/mon-bafd\/apres-le-bafd\/","title":{"rendered":"Apr\u00e8s le BAFD"},"content":{"rendered":"<h2>Diriger un accueil de loisirs<\/h2>\n<p>Le BAFD est le dipl\u00f4me de r\u00e9f\u00e9rence pour le directeur volontaire. Ainsi, l\u2019ayant en poche, tu peux profiter de ton temps libre pour exercer cette fonction pendant les p\u00e9riodes scolaires et\/ou les mercredis en accueils collectifs de mineurs.<br \/>\nResponsable de ton \u00e9quipe (direction, animation, personnel de service), tu seras force de proposition sur la p\u00e9dagogie et l\u2019animation, mettras en \u0153uvre le projet \u00e9ducatif de l\u2019organisateur en permettant \u00e0 l\u2019\u00e9quipe de se l\u2019approprier et de le d\u00e9cliner en projet p\u00e9dagogique de l\u2019accueil.<br \/>\nTu contribueras aussi \u00e0 l\u2019\u00e9valuation des \u00e9ventuels animateurs stagiaires BAFA et concourras \u00e0 l\u2019atteinte des objectifs de leur formation BAFA. Tu seras ainsi amen\u00e9 \u00e0 porter une appr\u00e9ciation motiv\u00e9e sur leurs aptitudes \u00e0 assurer leurs fonctions.<br \/>\nConsultez le site : <a href=\"http:\/\/leolagrange-recrutement.org\" target=\"_blank\" rel=\"noopener noreferrer\">leolagrange-recrutement.org <\/a><\/p>\n<hr>\n<h2>Se professionnaliser<\/h2>\n<p>Et si tu faisais de l\u2019animation ton m\u00e9tier de mani\u00e8re permanente ? Renseigne-toi sur les formations dipl\u00f4mantes !<br \/>\n<a href=\"https:\/\/www.devz2.com\/bafa-bafd\/devenir-animateur-professionnel\/\" target=\"_blank\" rel=\"noopener noreferrer\">En savoir plus<\/a><\/p>\n<hr>\n<h2>Devenir formateur volontaire<\/h2>\n<p>Tu as acquis une exp\u00e9rience diversifi\u00e9e et significative dans l\u2019animation et\/ou la direction d\u2019ACM ?<br \/>\nTu as l\u2019envie de partager ton exp\u00e9rience avec les futurs animateurs ? Apr\u00e8s avoir b\u00e9n\u00e9fici\u00e9 de ta formation et l\u2019avoir \u00e9prouv\u00e9e sur le terrain, toi-aussi partage tes comp\u00e9tences et fais d\u00e9couvrir l\u2019animation aux jeunes qui passent leur BAFA ou BAFD!<br \/>\n<a href=\"https:\/\/www.devz2.com\/bafa-bafd\/devenir-formateur-volontaire\/\" target=\"_blank\" rel=\"noopener noreferrer\">En savoir plus<\/a><\/p>\n<hr>\n<h2>S\u2019engager<\/h2>\n<p>L\u2019animation volontaire, c\u2019est souvent vivre une premi\u00e8re forme d\u2019engagement citoyen en participant \u00e0 un projet collectif qui a du sens : guider les enfants et les jeunes dans leur d\u00e9couverte du monde. Outre les activit\u00e9s li\u00e9es au BAFA et au BAFD, la F\u00e9d\u00e9ration L\u00e9o Lagrange propose aux jeunes de s\u2019impliquer dans un r\u00e9seau avec de nombreuses id\u00e9es pour agir.<br \/>\n<a href=\"https:\/\/www.devz2.com\/bafa-bafd\/tu-as-un-projet\/\" target=\"_blank\" rel=\"noopener noreferrer\">En savoir plus<\/a><\/p>\n","protected":false},"excerpt":{"rendered":"<p>Diriger un accueil de loisirs Le BAFD est le dipl\u00f4me de r\u00e9f\u00e9rence pour le directeur volontaire. Ainsi, l\u2019ayant en poche, tu peux profiter de ton temps libre pour exercer cette fonction pendant les p\u00e9riodes scolaires et\/ou les mercredis en accueils collectifs de mineurs. Responsable de ton \u00e9quipe (direction, animation, personnel de service), tu seras force [&hellip;]<\/p>\n","protected":false},"author":1,"featured_media":0,"parent":379,"menu_order":35,"comment_status":"closed","ping_status":"closed","template":"gabarit.php","meta":{"footnotes":""},"class_list":["post-163","page","type-page","status-publish","hentry"],"yoast_head":"<!-- This site is optimized with the Yoast SEO plugin v27.4 - https:\/\/yoast.com\/product\/yoast-seo-wordpress\/ -->\n<title>Apr\u00e8s le BAFD<\/title>\n<meta name=\"description\" content=\"Apr\u00e8s la formation BAFD, tu peux diriger un accueil de loisirs, te professionnaliser en passant d&#039;autres dipl\u00f4mes, ou encore devenir formateur volontaire BAFA BAFD L\u00e9o Lagrange!\" \/>\n<meta name=\"robots\" content=\"index, follow, max-snippet:-1, max-image-preview:large, max-video-preview:-1\" \/>\n<link rel=\"canonical\" href=\"https:\/\/www.bafa-bafd.org\/bafa-bafd\/mon-bafd\/apres-le-bafd\/\" \/>\n<meta property=\"og:locale\" content=\"fr_FR\" \/>\n<meta property=\"og:type\" content=\"article\" \/>\n<meta property=\"og:title\" content=\"Apr\u00e8s le BAFD\" \/>\n<meta property=\"og:description\" content=\"Apr\u00e8s la formation BAFD, tu peux diriger un accueil de loisirs, te professionnaliser en passant d&#039;autres dipl\u00f4mes, ou encore devenir formateur volontaire BAFA BAFD L\u00e9o Lagrange!\" \/>\n<meta property=\"og:url\" content=\"https:\/\/www.bafa-bafd.org\/bafa-bafd\/mon-bafd\/apres-le-bafd\/\" \/>\n<meta property=\"og:site_name\" content=\"BAFA BAFD\" \/>\n<meta property=\"article:publisher\" content=\"https:\/\/www.facebook.com\/leobafanimation\/\" \/>\n<meta property=\"article:modified_time\" content=\"2019-03-27T07:00:51+00:00\" \/>\n<meta name=\"twitter:card\" content=\"summary_large_image\" \/>\n<meta name=\"twitter:label1\" content=\"Dur\u00e9e de lecture estim\u00e9e\" \/>\n\t<meta name=\"twitter:data1\" content=\"2 minutes\" \/>\n<script type=\"application\/ld+json\" class=\"yoast-schema-graph\">{\"@context\":\"https:\\\/\\\/schema.org\",\"@graph\":[{\"@type\":\"WebPage\",\"@id\":\"https:\\\/\\\/www.bafa-bafd.org\\\/bafa-bafd\\\/mon-bafd\\\/apres-le-bafd\\\/\",\"url\":\"https:\\\/\\\/www.bafa-bafd.org\\\/bafa-bafd\\\/mon-bafd\\\/apres-le-bafd\\\/\",\"name\":\"Apr\u00e8s le BAFD\",\"isPartOf\":{\"@id\":\"https:\\\/\\\/www.bafa-bafd.org\\\/bafa-bafd\\\/#website\"},\"datePublished\":\"2018-12-20T16:55:01+00:00\",\"dateModified\":\"2019-03-27T07:00:51+00:00\",\"description\":\"Apr\u00e8s la formation BAFD, tu peux diriger un accueil de loisirs, te professionnaliser en passant d'autres dipl\u00f4mes, ou encore devenir formateur volontaire BAFA BAFD L\u00e9o Lagrange!\",\"breadcrumb\":{\"@id\":\"https:\\\/\\\/www.bafa-bafd.org\\\/bafa-bafd\\\/mon-bafd\\\/apres-le-bafd\\\/#breadcrumb\"},\"inLanguage\":\"fr-FR\",\"potentialAction\":[{\"@type\":\"ReadAction\",\"target\":[\"https:\\\/\\\/www.bafa-bafd.org\\\/bafa-bafd\\\/mon-bafd\\\/apres-le-bafd\\\/\"]}]},{\"@type\":\"BreadcrumbList\",\"@id\":\"https:\\\/\\\/www.bafa-bafd.org\\\/bafa-bafd\\\/mon-bafd\\\/apres-le-bafd\\\/#breadcrumb\",\"itemListElement\":[{\"@type\":\"ListItem\",\"position\":1,\"name\":\"Accueil\",\"item\":\"\\\/\"},{\"@type\":\"ListItem\",\"position\":2,\"name\":\"MON BAFD\",\"item\":\"https:\\\/\\\/www.bafa-bafd.org\\\/bafa-bafd\\\/mon-bafd\\\/\"},{\"@type\":\"ListItem\",\"position\":3,\"name\":\"Apr\u00e8s le BAFD\"}]},{\"@type\":\"WebSite\",\"@id\":\"https:\\\/\\\/www.bafa-bafd.org\\\/bafa-bafd\\\/#website\",\"url\":\"https:\\\/\\\/www.bafa-bafd.org\\\/bafa-bafd\\\/\",\"name\":\"BAFA BAFD\",\"description\":\"Formations Bafa Bafd Lao Lagrange\",\"publisher\":{\"@id\":\"https:\\\/\\\/www.bafa-bafd.org\\\/bafa-bafd\\\/#organization\"},\"potentialAction\":[{\"@type\":\"SearchAction\",\"target\":{\"@type\":\"EntryPoint\",\"urlTemplate\":\"https:\\\/\\\/www.bafa-bafd.org\\\/bafa-bafd\\\/?s={search_term_string}\"},\"query-input\":{\"@type\":\"PropertyValueSpecification\",\"valueRequired\":true,\"valueName\":\"search_term_string\"}}],\"inLanguage\":\"fr-FR\"},{\"@type\":\"Organization\",\"@id\":\"https:\\\/\\\/www.bafa-bafd.org\\\/bafa-bafd\\\/#organization\",\"name\":\"L\u00e9o Lagrange\",\"url\":\"https:\\\/\\\/www.bafa-bafd.org\\\/bafa-bafd\\\/\",\"logo\":{\"@type\":\"ImageObject\",\"inLanguage\":\"fr-FR\",\"@id\":\"https:\\\/\\\/www.bafa-bafd.org\\\/bafa-bafd\\\/#\\\/schema\\\/logo\\\/image\\\/\",\"url\":\"https:\\\/\\\/www.bafa-bafd.org\\\/bafa-bafd\\\/wp-content\\\/uploads\\\/2023\\\/03\\\/logo-leo-lagrange.png\",\"contentUrl\":\"https:\\\/\\\/www.bafa-bafd.org\\\/bafa-bafd\\\/wp-content\\\/uploads\\\/2023\\\/03\\\/logo-leo-lagrange.png\",\"width\":166,\"height\":133,\"caption\":\"L\u00e9o Lagrange\"},\"image\":{\"@id\":\"https:\\\/\\\/www.bafa-bafd.org\\\/bafa-bafd\\\/#\\\/schema\\\/logo\\\/image\\\/\"},\"sameAs\":[\"https:\\\/\\\/www.facebook.com\\\/leobafanimation\\\/\"]}]}<\/script>\n<!-- \/ Yoast SEO plugin. -->","yoast_head_json":{"title":"Apr\u00e8s le BAFD","description":"Apr\u00e8s la formation BAFD, tu peux diriger un accueil de loisirs, te professionnaliser en passant d'autres dipl\u00f4mes, ou encore devenir formateur volontaire BAFA BAFD L\u00e9o Lagrange!","robots":{"index":"index","follow":"follow","max-snippet":"max-snippet:-1","max-image-preview":"max-image-preview:large","max-video-preview":"max-video-preview:-1"},"canonical":"https:\/\/www.bafa-bafd.org\/bafa-bafd\/mon-bafd\/apres-le-bafd\/","og_locale":"fr_FR","og_type":"article","og_title":"Apr\u00e8s le BAFD","og_description":"Apr\u00e8s la formation BAFD, tu peux diriger un accueil de loisirs, te professionnaliser en passant d'autres dipl\u00f4mes, ou encore devenir formateur volontaire BAFA BAFD L\u00e9o Lagrange!","og_url":"https:\/\/www.bafa-bafd.org\/bafa-bafd\/mon-bafd\/apres-le-bafd\/","og_site_name":"BAFA BAFD","article_publisher":"https:\/\/www.facebook.com\/leobafanimation\/","article_modified_time":"2019-03-27T07:00:51+00:00","twitter_card":"summary_large_image","twitter_misc":{"Dur\u00e9e de lecture estim\u00e9e":"2 minutes"},"schema":{"@context":"https:\/\/schema.org","@graph":[{"@type":"WebPage","@id":"https:\/\/www.bafa-bafd.org\/bafa-bafd\/mon-bafd\/apres-le-bafd\/","url":"https:\/\/www.bafa-bafd.org\/bafa-bafd\/mon-bafd\/apres-le-bafd\/","name":"Apr\u00e8s le BAFD","isPartOf":{"@id":"https:\/\/www.bafa-bafd.org\/bafa-bafd\/#website"},"datePublished":"2018-12-20T16:55:01+00:00","dateModified":"2019-03-27T07:00:51+00:00","description":"Apr\u00e8s la formation BAFD, tu peux diriger un accueil de loisirs, te professionnaliser en passant d'autres dipl\u00f4mes, ou encore devenir formateur volontaire BAFA BAFD L\u00e9o Lagrange!","breadcrumb":{"@id":"https:\/\/www.bafa-bafd.org\/bafa-bafd\/mon-bafd\/apres-le-bafd\/#breadcrumb"},"inLanguage":"fr-FR","potentialAction":[{"@type":"ReadAction","target":["https:\/\/www.bafa-bafd.org\/bafa-bafd\/mon-bafd\/apres-le-bafd\/"]}]},{"@type":"BreadcrumbList","@id":"https:\/\/www.bafa-bafd.org\/bafa-bafd\/mon-bafd\/apres-le-bafd\/#breadcrumb","itemListElement":[{"@type":"ListItem","position":1,"name":"Accueil","item":"\/"},{"@type":"ListItem","position":2,"name":"MON BAFD","item":"https:\/\/www.bafa-bafd.org\/bafa-bafd\/mon-bafd\/"},{"@type":"ListItem","position":3,"name":"Apr\u00e8s le BAFD"}]},{"@type":"WebSite","@id":"https:\/\/www.bafa-bafd.org\/bafa-bafd\/#website","url":"https:\/\/www.bafa-bafd.org\/bafa-bafd\/","name":"BAFA BAFD","description":"Formations Bafa Bafd Lao Lagrange","publisher":{"@id":"https:\/\/www.bafa-bafd.org\/bafa-bafd\/#organization"},"potentialAction":[{"@type":"SearchAction","target":{"@type":"EntryPoint","urlTemplate":"https:\/\/www.bafa-bafd.org\/bafa-bafd\/?s={search_term_string}"},"query-input":{"@type":"PropertyValueSpecification","valueRequired":true,"valueName":"search_term_string"}}],"inLanguage":"fr-FR"},{"@type":"Organization","@id":"https:\/\/www.bafa-bafd.org\/bafa-bafd\/#organization","name":"L\u00e9o Lagrange","url":"https:\/\/www.bafa-bafd.org\/bafa-bafd\/","logo":{"@type":"ImageObject","inLanguage":"fr-FR","@id":"https:\/\/www.bafa-bafd.org\/bafa-bafd\/#\/schema\/logo\/image\/","url":"https:\/\/www.bafa-bafd.org\/bafa-bafd\/wp-content\/uploads\/2023\/03\/logo-leo-lagrange.png","contentUrl":"https:\/\/www.bafa-bafd.org\/bafa-bafd\/wp-content\/uploads\/2023\/03\/logo-leo-lagrange.png","width":166,"height":133,"caption":"L\u00e9o Lagrange"},"image":{"@id":"https:\/\/www.bafa-bafd.org\/bafa-bafd\/#\/schema\/logo\/image\/"},"sameAs":["https:\/\/www.facebook.com\/leobafanimation\/"]}]}},"_links":{"self":[{"href":"https:\/\/www.bafa-bafd.org\/bafa-bafd\/wp-json\/wp\/v2\/pages\/163","targetHints":{"allow":["GET"]}}],"collection":[{"href":"https:\/\/www.bafa-bafd.org\/bafa-bafd\/wp-json\/wp\/v2\/pages"}],"about":[{"href":"https:\/\/www.bafa-bafd.org\/bafa-bafd\/wp-json\/wp\/v2\/types\/page"}],"author":[{"embeddable":true,"href":"https:\/\/www.bafa-bafd.org\/bafa-bafd\/wp-json\/wp\/v2\/users\/1"}],"replies":[{"embeddable":true,"href":"https:\/\/www.bafa-bafd.org\/bafa-bafd\/wp-json\/wp\/v2\/comments?post=163"}],"version-history":[{"count":3,"href":"https:\/\/www.bafa-bafd.org\/bafa-bafd\/wp-json\/wp\/v2\/pages\/163\/revisions"}],"predecessor-version":[{"id":358,"href":"https:\/\/www.bafa-bafd.org\/bafa-bafd\/wp-json\/wp\/v2\/pages\/163\/revisions\/358"}],"up":[{"embeddable":true,"href":"https:\/\/www.bafa-bafd.org\/bafa-bafd\/wp-json\/wp\/v2\/pages\/379"}],"wp:attachment":[{"href":"https:\/\/www.bafa-bafd.org\/bafa-bafd\/wp-json\/wp\/v2\/media?parent=163"}],"curies":[{"name":"wp","href":"https:\/\/api.w.org\/{rel}","templated":true}]}}