{"id":100,"date":"2018-12-20T15:37:17","date_gmt":"2018-12-20T14:37:17","guid":{"rendered":"https:\/\/www.devz2.com\/bafa-bafd\/?page_id=100"},"modified":"2019-03-27T08:04:54","modified_gmt":"2019-03-27T07:04:54","slug":"devenir-animateur-professionnel","status":"publish","type":"page","link":"https:\/\/www.bafa-bafd.org\/bafa-bafd\/qui-sommes-nous-2\/devenir-animateur-professionnel\/","title":{"rendered":"Devenir animateur professionnel"},"content":{"rendered":"<blockquote><p>Gr\u00e2ce au BAFA et\/ou BAFD, tu as pu d\u00e9couvrir l\u2019animation et l\u2019exercer de mani\u00e8re ponctuelle et occasionnelle. Les BAFA et BAFD sont cependant des brevets non professionnels. Si tu as attrap\u00e9 le virus de l\u2019animation et que tu souhaites en faire ton m\u00e9tier, il est n\u00e9cessaire de te tourner vers d\u2019autres dipl\u00f4mes \u00e0 qualification professionnelle aux m\u00e9tiers de l\u2019animation.<br \/>\nAssoci\u00e9 \u00e0 une exp\u00e9rience significative d\u2019animation, le BAFA fait partie des pr\u00e9-requis pour acc\u00e9der \u00e0 des formations dipl\u00f4mantes comme :<\/p><\/blockquote>\n<h2>Le BAPAAT (Brevet d\u2019aptitude professionnelle d\u2019assistant animateur technicien)<\/h2>\n<p>Dipl\u00f4me d\u2019Etat de niveau V (CAP, BEP, BEPC, \u00e0 partir de 16 ans), il repr\u00e9sente le premier niveau de qualification pour l\u2019animation et l\u2019encadrement des activit\u00e9s sportives et socioculturelles.<\/p>\n<hr>\n<h2>Le BPJEPS (Brevet professionnel de la jeunesse, de l\u2019\u00e9ducation populaire et du sport)<\/h2>\n<p>Dipl\u00f4me d\u2019Etat de niveau IV (niveau Bac, \u00e0 partir de 18 ans), il pr\u00e9pare aux m\u00e9tiers d\u2019animateur dans une association, un club sportif, une entreprise, une collectivit\u00e9 territoriale\u2026 La formation se fait en alternance. Ce cursus permet de faire de l\u2019animation son m\u00e9tier et non plus une activit\u00e9 occasionnelle.<\/p>\n<hr>\n<h2>Le DEJEPS (Dipl\u00f4me d&rsquo;Etat de la jeunesse, de l&rsquo;\u00e9ducation populaire et du sport sp\u00e9cialit\u00e9 animation socio-\u00e9ducative ou culturelle)<\/h2>\n<p>C&rsquo;est un dipl\u00f4me de niveau III (bac + 2). Il atteste l\u2019acquisition d\u2019une qualification dans l\u2019exercice d\u2019une activit\u00e9 professionnelle de coordination et d\u2019encadrement \u00e0 finalit\u00e9 \u00e9ducative dans les domaines d\u2019activit\u00e9s socio-culturelles. Il se pr\u00e9pare en alternance.<\/p>\n<div class=\"encadre\">\n<h3 class=\"h3home\">En savoir plus<\/h3>\n<hr>\n<p>Consulte le site de notre institut de formation Campus L\u00e9o Lagrange, qui forme \u00e0 l\u2019animation professionnelle les animateurs qualifi\u00e9s ou volontaires comme les personnels de la fonction publique.<br \/>\n<a class=\"lien-blanc\" href=\"http:\/\/www.campus-leolagrange.org\" target=\"_blank\" rel=\"noopener noreferrer\">www.campus-leolagrange.org <\/a><\/p>\n<\/div>\n","protected":false},"excerpt":{"rendered":"<p>Gr\u00e2ce au BAFA et\/ou BAFD, tu as pu d\u00e9couvrir l\u2019animation et l\u2019exercer de mani\u00e8re ponctuelle et occasionnelle. Les BAFA et BAFD sont cependant des brevets non professionnels. Si tu as attrap\u00e9 le virus de l\u2019animation et que tu souhaites en faire ton m\u00e9tier, il est n\u00e9cessaire de te tourner vers d\u2019autres dipl\u00f4mes \u00e0 qualification professionnelle [&hellip;]<\/p>\n","protected":false},"author":1,"featured_media":0,"parent":364,"menu_order":14,"comment_status":"closed","ping_status":"closed","template":"gabarit.php","meta":{"footnotes":""},"class_list":["post-100","page","type-page","status-publish","hentry"],"yoast_head":"<!-- This site is optimized with the Yoast SEO plugin v27.5 - https:\/\/yoast.com\/product\/yoast-seo-wordpress\/ -->\n<title>Devenir animateur professionnel BAPAAT, BPJEPS, DEJEPS<\/title>\n<meta name=\"description\" content=\"Pour devenir animateur professionnel apr\u00e8s le BAFA et BAFD, L\u00e9o Lagrange te propose des formations BAPAAT, BPJEPS, DEJEPS\" \/>\n<meta name=\"robots\" content=\"index, follow, max-snippet:-1, max-image-preview:large, max-video-preview:-1\" \/>\n<link rel=\"canonical\" href=\"https:\/\/www.bafa-bafd.org\/bafa-bafd\/qui-sommes-nous-2\/devenir-animateur-professionnel\/\" \/>\n<meta property=\"og:locale\" content=\"fr_FR\" \/>\n<meta property=\"og:type\" content=\"article\" \/>\n<meta property=\"og:title\" content=\"Devenir animateur professionnel BAPAAT, BPJEPS, DEJEPS\" \/>\n<meta property=\"og:description\" content=\"Pour devenir animateur professionnel apr\u00e8s le BAFA et BAFD, L\u00e9o Lagrange te propose des formations BAPAAT, BPJEPS, DEJEPS\" \/>\n<meta property=\"og:url\" content=\"https:\/\/www.bafa-bafd.org\/bafa-bafd\/qui-sommes-nous-2\/devenir-animateur-professionnel\/\" \/>\n<meta property=\"og:site_name\" content=\"BAFA BAFD\" \/>\n<meta property=\"article:publisher\" content=\"https:\/\/www.facebook.com\/leobafanimation\/\" \/>\n<meta property=\"article:modified_time\" content=\"2019-03-27T07:04:54+00:00\" \/>\n<meta name=\"twitter:card\" content=\"summary_large_image\" \/>\n<meta name=\"twitter:label1\" content=\"Dur\u00e9e de lecture estim\u00e9e\" \/>\n\t<meta name=\"twitter:data1\" content=\"2 minutes\" \/>\n<script type=\"application\/ld+json\" class=\"yoast-schema-graph\">{\"@context\":\"https:\\\/\\\/schema.org\",\"@graph\":[{\"@type\":\"WebPage\",\"@id\":\"https:\\\/\\\/www.bafa-bafd.org\\\/bafa-bafd\\\/qui-sommes-nous-2\\\/devenir-animateur-professionnel\\\/\",\"url\":\"https:\\\/\\\/www.bafa-bafd.org\\\/bafa-bafd\\\/qui-sommes-nous-2\\\/devenir-animateur-professionnel\\\/\",\"name\":\"Devenir animateur professionnel BAPAAT, BPJEPS, DEJEPS\",\"isPartOf\":{\"@id\":\"https:\\\/\\\/www.bafa-bafd.org\\\/bafa-bafd\\\/#website\"},\"datePublished\":\"2018-12-20T14:37:17+00:00\",\"dateModified\":\"2019-03-27T07:04:54+00:00\",\"description\":\"Pour devenir animateur professionnel apr\u00e8s le BAFA et BAFD, L\u00e9o Lagrange te propose des formations BAPAAT, BPJEPS, DEJEPS\",\"breadcrumb\":{\"@id\":\"https:\\\/\\\/www.bafa-bafd.org\\\/bafa-bafd\\\/qui-sommes-nous-2\\\/devenir-animateur-professionnel\\\/#breadcrumb\"},\"inLanguage\":\"fr-FR\",\"potentialAction\":[{\"@type\":\"ReadAction\",\"target\":[\"https:\\\/\\\/www.bafa-bafd.org\\\/bafa-bafd\\\/qui-sommes-nous-2\\\/devenir-animateur-professionnel\\\/\"]}]},{\"@type\":\"BreadcrumbList\",\"@id\":\"https:\\\/\\\/www.bafa-bafd.org\\\/bafa-bafd\\\/qui-sommes-nous-2\\\/devenir-animateur-professionnel\\\/#breadcrumb\",\"itemListElement\":[{\"@type\":\"ListItem\",\"position\":1,\"name\":\"Accueil\",\"item\":\"\\\/\"},{\"@type\":\"ListItem\",\"position\":2,\"name\":\"QUI SOMMES NOUS ?\",\"item\":\"https:\\\/\\\/www.bafa-bafd.org\\\/bafa-bafd\\\/qui-sommes-nous-2\\\/\"},{\"@type\":\"ListItem\",\"position\":3,\"name\":\"Devenir animateur professionnel\"}]},{\"@type\":\"WebSite\",\"@id\":\"https:\\\/\\\/www.bafa-bafd.org\\\/bafa-bafd\\\/#website\",\"url\":\"https:\\\/\\\/www.bafa-bafd.org\\\/bafa-bafd\\\/\",\"name\":\"BAFA BAFD\",\"description\":\"Formations Bafa Bafd Lao Lagrange\",\"publisher\":{\"@id\":\"https:\\\/\\\/www.bafa-bafd.org\\\/bafa-bafd\\\/#organization\"},\"potentialAction\":[{\"@type\":\"SearchAction\",\"target\":{\"@type\":\"EntryPoint\",\"urlTemplate\":\"https:\\\/\\\/www.bafa-bafd.org\\\/bafa-bafd\\\/?s={search_term_string}\"},\"query-input\":{\"@type\":\"PropertyValueSpecification\",\"valueRequired\":true,\"valueName\":\"search_term_string\"}}],\"inLanguage\":\"fr-FR\"},{\"@type\":\"Organization\",\"@id\":\"https:\\\/\\\/www.bafa-bafd.org\\\/bafa-bafd\\\/#organization\",\"name\":\"L\u00e9o Lagrange\",\"url\":\"https:\\\/\\\/www.bafa-bafd.org\\\/bafa-bafd\\\/\",\"logo\":{\"@type\":\"ImageObject\",\"inLanguage\":\"fr-FR\",\"@id\":\"https:\\\/\\\/www.bafa-bafd.org\\\/bafa-bafd\\\/#\\\/schema\\\/logo\\\/image\\\/\",\"url\":\"https:\\\/\\\/www.bafa-bafd.org\\\/bafa-bafd\\\/wp-content\\\/uploads\\\/2023\\\/03\\\/logo-leo-lagrange.png\",\"contentUrl\":\"https:\\\/\\\/www.bafa-bafd.org\\\/bafa-bafd\\\/wp-content\\\/uploads\\\/2023\\\/03\\\/logo-leo-lagrange.png\",\"width\":166,\"height\":133,\"caption\":\"L\u00e9o Lagrange\"},\"image\":{\"@id\":\"https:\\\/\\\/www.bafa-bafd.org\\\/bafa-bafd\\\/#\\\/schema\\\/logo\\\/image\\\/\"},\"sameAs\":[\"https:\\\/\\\/www.facebook.com\\\/leobafanimation\\\/\"]}]}<\/script>\n<!-- \/ Yoast SEO plugin. -->","yoast_head_json":{"title":"Devenir animateur professionnel BAPAAT, BPJEPS, DEJEPS","description":"Pour devenir animateur professionnel apr\u00e8s le BAFA et BAFD, L\u00e9o Lagrange te propose des formations BAPAAT, BPJEPS, DEJEPS","robots":{"index":"index","follow":"follow","max-snippet":"max-snippet:-1","max-image-preview":"max-image-preview:large","max-video-preview":"max-video-preview:-1"},"canonical":"https:\/\/www.bafa-bafd.org\/bafa-bafd\/qui-sommes-nous-2\/devenir-animateur-professionnel\/","og_locale":"fr_FR","og_type":"article","og_title":"Devenir animateur professionnel BAPAAT, BPJEPS, DEJEPS","og_description":"Pour devenir animateur professionnel apr\u00e8s le BAFA et BAFD, L\u00e9o Lagrange te propose des formations BAPAAT, BPJEPS, DEJEPS","og_url":"https:\/\/www.bafa-bafd.org\/bafa-bafd\/qui-sommes-nous-2\/devenir-animateur-professionnel\/","og_site_name":"BAFA BAFD","article_publisher":"https:\/\/www.facebook.com\/leobafanimation\/","article_modified_time":"2019-03-27T07:04:54+00:00","twitter_card":"summary_large_image","twitter_misc":{"Dur\u00e9e de lecture estim\u00e9e":"2 minutes"},"schema":{"@context":"https:\/\/schema.org","@graph":[{"@type":"WebPage","@id":"https:\/\/www.bafa-bafd.org\/bafa-bafd\/qui-sommes-nous-2\/devenir-animateur-professionnel\/","url":"https:\/\/www.bafa-bafd.org\/bafa-bafd\/qui-sommes-nous-2\/devenir-animateur-professionnel\/","name":"Devenir animateur professionnel BAPAAT, BPJEPS, DEJEPS","isPartOf":{"@id":"https:\/\/www.bafa-bafd.org\/bafa-bafd\/#website"},"datePublished":"2018-12-20T14:37:17+00:00","dateModified":"2019-03-27T07:04:54+00:00","description":"Pour devenir animateur professionnel apr\u00e8s le BAFA et BAFD, L\u00e9o Lagrange te propose des formations BAPAAT, BPJEPS, DEJEPS","breadcrumb":{"@id":"https:\/\/www.bafa-bafd.org\/bafa-bafd\/qui-sommes-nous-2\/devenir-animateur-professionnel\/#breadcrumb"},"inLanguage":"fr-FR","potentialAction":[{"@type":"ReadAction","target":["https:\/\/www.bafa-bafd.org\/bafa-bafd\/qui-sommes-nous-2\/devenir-animateur-professionnel\/"]}]},{"@type":"BreadcrumbList","@id":"https:\/\/www.bafa-bafd.org\/bafa-bafd\/qui-sommes-nous-2\/devenir-animateur-professionnel\/#breadcrumb","itemListElement":[{"@type":"ListItem","position":1,"name":"Accueil","item":"\/"},{"@type":"ListItem","position":2,"name":"QUI SOMMES NOUS ?","item":"https:\/\/www.bafa-bafd.org\/bafa-bafd\/qui-sommes-nous-2\/"},{"@type":"ListItem","position":3,"name":"Devenir animateur professionnel"}]},{"@type":"WebSite","@id":"https:\/\/www.bafa-bafd.org\/bafa-bafd\/#website","url":"https:\/\/www.bafa-bafd.org\/bafa-bafd\/","name":"BAFA BAFD","description":"Formations Bafa Bafd Lao Lagrange","publisher":{"@id":"https:\/\/www.bafa-bafd.org\/bafa-bafd\/#organization"},"potentialAction":[{"@type":"SearchAction","target":{"@type":"EntryPoint","urlTemplate":"https:\/\/www.bafa-bafd.org\/bafa-bafd\/?s={search_term_string}"},"query-input":{"@type":"PropertyValueSpecification","valueRequired":true,"valueName":"search_term_string"}}],"inLanguage":"fr-FR"},{"@type":"Organization","@id":"https:\/\/www.bafa-bafd.org\/bafa-bafd\/#organization","name":"L\u00e9o Lagrange","url":"https:\/\/www.bafa-bafd.org\/bafa-bafd\/","logo":{"@type":"ImageObject","inLanguage":"fr-FR","@id":"https:\/\/www.bafa-bafd.org\/bafa-bafd\/#\/schema\/logo\/image\/","url":"https:\/\/www.bafa-bafd.org\/bafa-bafd\/wp-content\/uploads\/2023\/03\/logo-leo-lagrange.png","contentUrl":"https:\/\/www.bafa-bafd.org\/bafa-bafd\/wp-content\/uploads\/2023\/03\/logo-leo-lagrange.png","width":166,"height":133,"caption":"L\u00e9o Lagrange"},"image":{"@id":"https:\/\/www.bafa-bafd.org\/bafa-bafd\/#\/schema\/logo\/image\/"},"sameAs":["https:\/\/www.facebook.com\/leobafanimation\/"]}]}},"_links":{"self":[{"href":"https:\/\/www.bafa-bafd.org\/bafa-bafd\/wp-json\/wp\/v2\/pages\/100","targetHints":{"allow":["GET"]}}],"collection":[{"href":"https:\/\/www.bafa-bafd.org\/bafa-bafd\/wp-json\/wp\/v2\/pages"}],"about":[{"href":"https:\/\/www.bafa-bafd.org\/bafa-bafd\/wp-json\/wp\/v2\/types\/page"}],"author":[{"embeddable":true,"href":"https:\/\/www.bafa-bafd.org\/bafa-bafd\/wp-json\/wp\/v2\/users\/1"}],"replies":[{"embeddable":true,"href":"https:\/\/www.bafa-bafd.org\/bafa-bafd\/wp-json\/wp\/v2\/comments?post=100"}],"version-history":[{"count":9,"href":"https:\/\/www.bafa-bafd.org\/bafa-bafd\/wp-json\/wp\/v2\/pages\/100\/revisions"}],"predecessor-version":[{"id":372,"href":"https:\/\/www.bafa-bafd.org\/bafa-bafd\/wp-json\/wp\/v2\/pages\/100\/revisions\/372"}],"up":[{"embeddable":true,"href":"https:\/\/www.bafa-bafd.org\/bafa-bafd\/wp-json\/wp\/v2\/pages\/364"}],"wp:attachment":[{"href":"https:\/\/www.bafa-bafd.org\/bafa-bafd\/wp-json\/wp\/v2\/media?parent=100"}],"curies":[{"name":"wp","href":"https:\/\/api.w.org\/{rel}","templated":true}]}}